{"id":483,"date":"2018-10-09T08:43:02","date_gmt":"2018-10-09T06:43:02","guid":{"rendered":"http:\/\/www.aycp.de\/?page_id=483"},"modified":"2022-01-31T11:21:44","modified_gmt":"2022-01-31T10:21:44","slug":"3d-skillboard-software","status":"publish","type":"page","link":"https:\/\/www.aycp.de\/?page_id=483","title":{"rendered":"3D Skillboard (Software)"},"content":{"rendered":"<p><img loading=\"lazy\" decoding=\"async\" class=\"alignnone size-full wp-image-671\" src=\"http:\/\/www.aycp.de\/wp-content\/uploads\/2020\/07\/fitasb.png\" alt=\"\" width=\"48\" height=\"48\" \/><br \/><b>Projekttitel:<\/b><br \/>3D Skillboard Software (Windows PC, 2018)<br \/>Client Version: Beta Release &#8211; v2.0.1.0<\/p>\n<p><b>Download(s):<br \/><\/b>Open BETA (v2.0.1.0.): <a href=\"http:\/\/www.aycp.de\/?page_id=668\"><strong>&gt;Downloads&lt;<\/strong><\/a><br \/>BETA Release 01.02.2022<\/p>\n<p>3D Skillboard ist eine von Andreas Pohl sich in Entwicklung befindliche Verwaltungssoftware f\u00fcr Bogenschie\u00dfvereine &amp; Turniere.<br \/>Die Software wird in .NET entwickelt und ist Lokal oder zB. von einem USB Stick aus ausf\u00fchrbar.<\/p>\n<p>Mit dieser Software lassen sich Turniere organisieren und verwalten. Von der Anlage &amp; Verwaltung der Teilnehmer und Bogenklassen bis hin zu Punktauswertungen und Urkunden verf\u00fcgt die Software \u00fcber eine einfache und instinktive Bedienung. Die Software kann kostenlos \u00fcber diese Website heruntergeladen werden.<br \/>Anpassungsw\u00fcnsche &amp; Support k\u00f6nnen per E-Mail an support@aycp.de angefragt werden.<\/p>\n<p>Aktuell befindet sich die Software in der Beta Phase und ist ab Juli 2020 kostenlos als BETA Version downloadbar.<br \/>Unter BETA Version verstehen wir ein unfertiges Produkt, welches noch Fehler beinhalten kann und nicht \u00fcber alle Funktionen verf\u00fcgt. \u00dcber den integrierten Updater kann immer die aktuellste Version der Software heruntergeladen werden oder aber \u00fcber die Downloadseite.<b><\/b><\/p>\n\n\n<figure class=\"wp-block-image size-large\"><img loading=\"lazy\" decoding=\"async\" width=\"1024\" height=\"775\" src=\"http:\/\/www.aycp.de\/wp-content\/uploads\/2020\/07\/3d_overview_01-1024x775.png\" alt=\"\" class=\"wp-image-689\" srcset=\"https:\/\/www.aycp.de\/wp-content\/uploads\/2020\/07\/3d_overview_01-1024x775.png 1024w, https:\/\/www.aycp.de\/wp-content\/uploads\/2020\/07\/3d_overview_01-300x227.png 300w, https:\/\/www.aycp.de\/wp-content\/uploads\/2020\/07\/3d_overview_01-768x581.png 768w, https:\/\/www.aycp.de\/wp-content\/uploads\/2020\/07\/3d_overview_01.png 1262w\" sizes=\"(max-width: 1024px) 100vw, 1024px\" \/><\/figure>\n\n\n\n<figure class=\"wp-block-image size-large\"><img loading=\"lazy\" decoding=\"async\" width=\"1024\" height=\"775\" src=\"http:\/\/www.aycp.de\/wp-content\/uploads\/2020\/07\/3D_klassen_02-1024x775.png\" alt=\"\" class=\"wp-image-690\" srcset=\"https:\/\/www.aycp.de\/wp-content\/uploads\/2020\/07\/3D_klassen_02-1024x775.png 1024w, https:\/\/www.aycp.de\/wp-content\/uploads\/2020\/07\/3D_klassen_02-300x227.png 300w, https:\/\/www.aycp.de\/wp-content\/uploads\/2020\/07\/3D_klassen_02-768x581.png 768w, https:\/\/www.aycp.de\/wp-content\/uploads\/2020\/07\/3D_klassen_02.png 1262w\" sizes=\"(max-width: 1024px) 100vw, 1024px\" \/><\/figure>\n\n\n\n<p><strong>Systemvoraussetzung:<br><\/strong><em>Windows 7\/8\/10 x86 oder x64<\/em><br><em>.NET Framework 4.6.1.<\/em><br><em>Acrobat Adobe Reader (Free oder Pro)<\/em><br><em>Mindestens 2,0 Ghz Dual Core CPU(AMD &amp; INTEL)<br><\/em>Mindestens 4GB RAM (Arbeitsspeicher)<br>Minimale Aufl\u00f6sung: 1024&#215;786<br><em>Freier Festplattenspeicher mind. 200 MB.<\/em><\/p>\n","protected":false},"excerpt":{"rendered":"<p>Projekttitel:3D Skillboard Software (Windows PC, 2018)Client Version: Beta Release &#8211; v2.0.1.0 Download(s):Open BETA (v2.0.1.0.): &gt;Downloads&lt;BETA Release 01.02.2022 3D Skillboard ist eine von Andreas Pohl sich in Entwicklung befindliche Verwaltungssoftware f\u00fcr Bogenschie\u00dfvereine &amp; Turniere.Die Software wird in .NET entwickelt und ist Lokal oder zB. von einem USB Stick aus ausf\u00fchrbar. Mit dieser Software lassen sich Turniere [&hellip;]<\/p>\n","protected":false},"author":1,"featured_media":0,"parent":10,"menu_order":3,"comment_status":"closed","ping_status":"open","template":"","meta":{"footnotes":""},"_links":{"self":[{"href":"https:\/\/www.aycp.de\/index.php?rest_route=\/wp\/v2\/pages\/483"}],"collection":[{"href":"https:\/\/www.aycp.de\/index.php?rest_route=\/wp\/v2\/pages"}],"about":[{"href":"https:\/\/www.aycp.de\/index.php?rest_route=\/wp\/v2\/types\/page"}],"author":[{"embeddable":true,"href":"https:\/\/www.aycp.de\/index.php?rest_route=\/wp\/v2\/users\/1"}],"replies":[{"embeddable":true,"href":"https:\/\/www.aycp.de\/index.php?rest_route=%2Fwp%2Fv2%2Fcomments&post=483"}],"version-history":[{"count":12,"href":"https:\/\/www.aycp.de\/index.php?rest_route=\/wp\/v2\/pages\/483\/revisions"}],"predecessor-version":[{"id":763,"href":"https:\/\/www.aycp.de\/index.php?rest_route=\/wp\/v2\/pages\/483\/revisions\/763"}],"up":[{"embeddable":true,"href":"https:\/\/www.aycp.de\/index.php?rest_route=\/wp\/v2\/pages\/10"}],"wp:attachment":[{"href":"https:\/\/www.aycp.de\/index.php?rest_route=%2Fwp%2Fv2%2Fmedia&parent=483"}],"curies":[{"name":"wp","href":"https:\/\/api.w.org\/{rel}","templated":true}]}}